divided by 19.
18
Suppose 0*y = -11*y - 33. Calculate the remainder when 207 is divided by (-3 - y) + -2 + (-378)/(-7).
51
Let a(b) = 0*b + 2 - b + 0*b - 49*b**2 + 46*b**2. Let g be a(-2). What is the remainder when 17 is divided by (30/g)/(6/(-8))?
2
Let i(g) = -g**3 + 11*g**2 - 12*g + 9. Let b be i(10). Let a = 112 + b. Calculate the remainder when a is divided by 21.
17
Let w = -432 - -446. What is the remainder when 50*(-1 - (-6)/4) is divided by w?
11
Let z = -121 - -151. Calculate the remainder when 172 is divided by z.
22
Let y = -263 - -293. What is the remainder when 56 is divided by y?
26
Let l(a) = -12*a - 58. What is the remainder when l(-13) is divided by 51?
47
Let l be 1/(-4) - (-45)/20. Suppose -l*o - 2 = -12. Suppose -4*c = o*s - 67 - 131, -5*c = -3*s + 104. Calculate the remainder when s is divided by 10.
8
Let v = 50 + -74. Let n = 30 + v. Calculate the remainder when 9 is divided by n.
3
Let d be (-16)/1 - (6 - 8). Let c be (-1)/(30/14 - 2). Let f = c - d. Calculate the remainder when 20 is divided by f.
6
Suppose 8*k - d = 3*k + 690, 5 = -d. Calculate the remainder when k is divided by 20.
17
Let g(s) be the third derivative of -s**5/60 - s**4/24 + 5*s**3/6 + 10*s**2. Let z be g(0). Suppose -1 - z = -q. What is the remainder when 16 is divided by q?
4
Let y(s) = -40*s + 29. Let p(u) = 13*u - 10. Let o(w) = 7*p(w) + 2*y(w). What is the remainder when o(11) is divided by 37?
35
Let h(t) = 417*t**2 + 1. Calculate the remainder when h(-1) is divided by 20.
18
Let k(o) = o**2 - 4*o - 24. Let l = 8 + 17. Calculate the remainder when k(12) is divided by l.
22
Let k(f) = 6*f - 10. Let q be (12/(-8))/3*-12. Let b = 14 - q. What is the remainder when k(b) is divided by 20?
18
Let q = 2 - -12. Let y be 4 + (q - (-6)/2). Calculate the remainder when 73 is divided by y - (4 + 6/(-3)).
16
Suppose 5*g + 0 - 20 = 0, -4*k - 8 = g. Let i be -3 - -1 - k - -14. Suppose 8*d + i = 9*d. What is the remainder when 44 is divided by d?
14
What is the remainder when 7 is divided by -8*(-5 + -2 + 13/2)?
3
Let s be 6/4*20/(-2). Let m(o) = o**2 + o - 1. Let r(v) = -6*v**2 - 20*v + 25. Let f(p) = 5*m(p) + r(p). What is the remainder when 77 is divided by f(s)?
17
Suppose -4*n = -5*p - 36, 104*n - 27 = 101*n + p. Calculate the remainder when 41 + (-1)/(2 + -1) is divided by n.
4
Let v(f) = -f**2 - 2*f + 16. Let p be v(3). Let n(u) = 7*u. Calculate the remainder when n(p) is divided by 5.
2
Let u(w) = 3*w**2 + 4*w + 2. Suppose 2*f = 5*h - 11, h + 6 = -3*f - 2. Let g = 13 + 52. What is the remainder when g is divided by u(f)?
14
Let t(h) = 177*h**3 + h**2 - 1. Let o be t(1). Let r = o + -9. Calculate the remainder when r is divided by 19.
16
Suppose 3*i = i + q - 170, -3*i + 4*q = 250. Let k = -79 - i. Calculate the remainder when k is divided by 4.
3
Suppose -5*g + 20 = -g. Let z = g + 17. Calculate the remainder when 4/3*315/10 is divided by z.
20
Suppose -3*h = -2*h - 61. Suppose 412*a = 416*a - 64. Calculate the remainder when h is divided by a.
13
Let h be (-2)/(3 - 93/30). Let z be 1/(-3) - (-3)/9. Suppose -5*n + z*n = -h. What is the remainder when 5 is divided by n?
1
Suppose 5*v - 3*v - 26 = 0. Let p be v/(9/(-3) - -4). Let y = p + -7. What is the remainder when 10 is divided by y?
4
Let c(m) = -m + 71. Let a be c(0). Let x(n) = a + n**2 - 71 + 2*n. Calculate the remainder when 7 is divided by x(-3).
1
Let n be (-2076)/60 - (-3)/5. Let d = -29 - n. Calculate the remainder when 17 is divided by d.
2
Let k(l) = -18*l - 112. Calculate the remainder when 696 is divided by k(-7).
10
Let h(v) = 20*v + 7. What is the remainder when h(47) is divided by 10?
7
Calculate the remainder when (-1)/3 - 815*4/(-60) is divided by 21.
12
Let m = 1178 - 405. Suppose -9*n + 28 = -m. Calculate the remainder when n is divided by 2 + -3 - -24 - 0.
20
Let g(s) = 79*s**2 - s - 9. What is the remainder when g(-3) is divided by 101?
99
Let n(b) = 199*b**2 - 1. What is the remainder when n(-1) is divided by 6/1 - (18 + -62)?
48
Let z(r) = r**3 + 6*r**2 - r - 6. Let l be z(-6). Suppose l = 4*q - 3*y - 52, 2*y = 5*q + 3*y - 46. Calculate the remainder when 39 is divided by q.
9
Suppose 26*u - 20*u = 222. Calculate the remainder when 43 is divided by u.
6
Let v = 1693 - 1667. Suppose -3 - 11 = d. Calculate the remainder when v is divided by (2 - 4)*d/4.
5
Calculate the remainder when 119 is divided by ((-2)/(-4))/(98/11760).
59
Let k(x) be the first derivative of -7*x**2/2 - 7*x - 10. What is the remainder when k(-3) is divided by ((-40)/24)/((-2)/6)?
4
Suppose 0 = -4*j + 220 + 172. Let g = 251 - j. Calculate the remainder when 5 - 6 - g/(-3) is divided by 17.
16
Let i = -332 + 392. Suppose 2*g - 3*a - a = 94, 3*a = 0. Let h = g - 26. What is the remainder when i is divided by h?
18
Let n = -2 - 8. Let m = 12 + n. Suppose -y - y = 8, 18 = m*a - 2*y. Calculate the remainder when 13 is divided by a.
3
Let p = 55 - 44. Let r = 2 - -1. Calculate the remainder when p is divided by r.
2
Let n be 72/14 + 4/(-28). Suppose h + 197 = n*v, 2*v - 145 = -2*v + 5*h. Calculate the remainder when v is divided by 11.
7
Suppose w + 3*c - 9 = 9, -2*w + 3 = -5*c. Calculate the remainder when 100 is divided by -3*6*((-26)/w)/2.
22
Suppose -5*m - 142 = -62. Let p = m - -33. Let d(f) = -f**3 - f**2 - f + 10. Calculate the remainder when p is divided by d(0).
7
Let r(k) = k**3 - 22*k**2 + 40*k + 12. Let a be r(20). Suppose 5*l = 3*y + 41, -3*y + 3 + a = 3*l. What is the remainder when 18 is divided by l?
4
Let m be 6 - (7 - 4 - 1). Calculate the remainder when (5 - (3 + -2))*m is divided by 9.
7
Let n(d) be the third derivative of d**4/4 - 16*d**3/3 - 12*d**2. What is the remainder when n(9) is divided by 12?
10
Suppose -11*o + 2*o + 342 = 0. Calculate the remainder when 142 is divided by o.
28
Let d(s) = -s - 1. Let m(w) = -w**2 + 6*w - 75. Let p(k) = -3*d(k) - m(k). Calculate the remainder when p(0) is divided by 16.
14
Let v(c) = -16*c**3 + 6*c**2 + 7*c + 7. Let l(s) = -22*s**3 + s**2 + s - 1. What is the remainder when v(-2) is divided by l(-1)?
19
Let v = 182 + -93. Let y = v + -39. What is the remainder when y is divided by 26?
24
Suppose -5*c = -3*g + 87, -g + 4*c = g - 56. Suppose -g = -6*w + 62. What is the remainder when 46 is divided by w?
14
Suppose 5*z = 3*j + 2*j - 30, 0 = -3*z - 6. Suppose -8 - 2 = -5*y. What is the remainder when j is divided by y?
0
Suppose 6*c + 385 = 1267. Calculate the remainder when c is divided by 15.
12
Suppose 5*d - 12 = -3*f, -d - 3*f = -10 - 2. Let r = 3 + d. Suppose 0 = -b - s + 38, -2*s + r*s + 157 = 4*b. What is the remainder when b is divided by 10?
9
Let l(n) = -n - 5. Let c be l(-6). Suppose -c - 167 = -2*m. Suppose -3*k = k - m. What is the remainder when 102 is divided by k?
18
Let v(x) = x**3 + 49*x**2 - 53*x - 132. What is the remainder when 963/33 + (-6)/33 is divided by v(-50)?
11
Let q(a) = -21*a**3 + 4*a**2 - a + 7. Let c(t) = -11*t**3 + 2*t**2 - t + 3. Let j(b) = -5*c(b) + 2*q(b). What is the remainder when j(1) is divided by 4?
1
Let o = -14 - -18. Suppose -s = -o*d + 24, 2*s - 12 = -s. Suppose 0 = 9*i - d*i - 22. What is the remainder when 43 is divided by i?
10
Suppose t + 32 = 48. What is the remainder when 92/3*24/16 is divided by t?
14
Calculate the remainder when ((-825)/(-22) - 1) + (-3)/(-2) is divided by 20.
18
Let w be 2/(-3 + 19/7). Let m(n) = -n**3 - 4 - 3 - 7*n**2 + n - 2*n + 5. What is the remainder when 12 is divided by m(w)?
2
Suppose 4*k = 4*m + 72, -2*m - 129 = -5*k - 33. Let n = -41 + k. Let d = -6 - n. Calculate the remainder when 27 is divided by d.
12
Suppose -48 = -9*a + 4*a - k, 4*k - 22 = -3*a. What is the remainder when 358/14 - 6/(-14) is divided by a?
6
Let b = 2014 - 1977. Calculate the remainder when b is divided by (-1)/(-2) + (-111)/(-6).
18
Suppose r + 3 = -3*c - 7, -r = -4*c - 25. Suppose 0 = -2*s + 12 + 2. Calculate the remainder when s is divided by r.
2
Let l be (-2)/9 + (-548)/(-36). Calculate the remainder when l - (1 + -4)*2/3 is divided by 3.
2
Calculate the remainder when (6*-1)/(258/(-6794)) is divided by 56.
46
Let d(s) = s**2 - 10*s + 5. Let l = 120 - 75. Calculate the remainder when l is divided by d(11).
13
Let z(d) be the first derivative of -41*d**4/4 + d**2/2 + d - 15. Calculate the remain